3*j = 5*w - 1 - 107, 0 = -2*j + 2*w + 56. Suppose 0 = 2*n + 5*b - 54 - j, 2*b - 2 = 0. What is the greatest common factor of 72 and n?
8
Let q = -5466 - -6754. Calculate the greatest common divisor of 920 and q.
184
Suppose -62*h - 33*h + 44225 = -1094920. Calculate the highest common divisor of h and 21.
21
Let y(a) = -125*a + 18. Let n be y(-4). Suppose 3*r + 248 = n. Let i = 18 - 0. What is the highest common divisor of i and r?
18
Let k(q) = -q**2 - 109*q + 5393. Let v be k(-144). Calculate the highest common divisor of v and 353.
353
Suppose o - 3778 - 4431 = -2585. Calculate the highest common divisor of o and 222.
74
Let b be (-12)/(-7) + -2 + (-18447)/(-301) + -57. Let n be 2*5*2/4. Suppose -n*u + 34 = 14. What is the greatest common divisor of u and b?
4
Let w = -80 + 116. Suppose 0 = -3*j + 5*g - 4*g - 8, 5*g = 25. Let z(o) = -27*o**3 - o**2 - o. Let n be z(j). Calculate the highest common factor of n and w.
9
Let v be 4 + (14 - 14) - -12. What is the greatest common divisor of v and 46?
2
Let a = 136 - -64. Suppose -a = 17*r - 27*r. Calculate the greatest common factor of r and 115.
5
Suppose 56*i = 75 + 37. Calculate the greatest common factor of i and 1006.
2
Let i = -1351 - -1393. Let c = 113 + -50. Calculate the highest common factor of c and i.
21
Let w be (-2 - -2)/2*(-13)/26. Suppose -4*o + 5*y + 247 = w, -3 = y - 0. What is the greatest common factor of o and 87?
29
Let q(u) = -14*u + 85. Let z be q(-15). Let k = z + -239. What is the highest common divisor of k and 21?
7
Let v(a) = -28*a + 50. Let j be v(-2). Calculate the greatest common factor of 4346 and j.
106
Let x(t) = 2*t**2 - 1123*t + 72. Let r be x(0). Calculate the highest common factor of r and 11844.
36
Let v be 15/25 - (((-64)/10 - -1) + -1). Calculate the greatest common factor of v and 46.
1
Let q be (6/(-10))/(2/(-30)). Let g(w) = w**3 + 18*w**2 + 13*w - 62. Let i be g(-17). What is the greatest common factor of i and q?
3
Let d(o) = 509*o**2 - 10*o + 24. Let z be d(2). Suppose 0 = 24*t - 1848 - z. Calculate the greatest common divisor of 6 and t.
6
Suppose 5*m = -3*b - 12 + 21, 2*b + 5*m = 6. Calculate the greatest common divisor of 57 and b.
3
Let l be (24 - (-5505)/75) + (2 - (-14)/(-10)). What is the greatest common divisor of 266 and l?
14
Let d = 336 - 207. Suppose -6*o + 303 = -d. What is the greatest common factor of 88 and o?
8
Let v(q) = -749*q - 6197. Let p be v(-9). What is the greatest common divisor of p and 144?
16
Suppose -2*i = -8*i + 2520. Let f = -402 + i. Calculate the highest common divisor of f and 2.
2
Suppose z = 5, -2*z = 2*p - 4*p + 70. Let i(o) = -o**3 + 8*o**2 + 9*o + 12. Let b be i(-5). Suppose b = 4*f + 52. What is the highest common factor of f and p?
20
Let m be ((-17)/(612/(-240)))/(2/69). Let k = -8 + 18. What is the greatest common divisor of m and k?
10
Let z be -8*418*(-9)/72. Let s = 448 - z. What is the greatest common divisor of s and 285?
15
Suppose -298*h = -317*h + 57. Suppose -436 = -x + 253. Suppose h*z = -x + 1943. What is the greatest common divisor of z and 38?
38
Let t = 14204 - 13999. What is the greatest common divisor of t and 533?
41
Let x be ((-6960)/(-300))/((-8)/(-10)). What is the highest common factor of 1073 and x?
29
Let k = -2252 - -2733. Calculate the highest common divisor of k and 333.
37
Suppose 0 = 2*h + a - 11, 2*h + h - a = 4. Suppose 18 = 3*d + 2*w, -3*d + 4*w - h = -w. Suppose 74 = 2*m + 50. Calculate the greatest common divisor of m and d.
4
Suppose 9*o = 28 + 98. Calculate the greatest common divisor of 238 and o.
14
Let q = -238 - -322. Suppose -q = 11*g - 370. What is the highest common divisor of 338 and g?
26
Suppose 73*j - 8232 + 5079 = 50940. Calculate the greatest common factor of 1368 and j.
57
Let x be (-144)/(((-75)/(-10))/(-5)). Suppose -4*n + 13*u + 581 = 18*u, -n + 143 = -u. What is the greatest common factor of n and x?
48
Suppose 12*z + 1698 = -4146. Let t = z + 510. Calculate the highest common factor of 1081 and t.
23
Suppose -j + 5*c - 24 = 0, 3 = -j - c + 9. Let l be (504/20)/6*(j - -4). Calculate the highest common factor of l and 105.
21
Let h = -530 + 189. Let p = 75 - h. Suppose 13*s - p = 5*s. What is the greatest common factor of 39 and s?
13
Let j(d) be the third derivative of 311*d**4/24 + 2*d**3/3 - 31*d**2. Let u be j(1). Calculate the highest common divisor of u and 35.
35
Let p(f) = f**3 + 27*f**2 + 112*f + 21. Let t be p(-5). Suppose 187 = -0*y + y. Calculate the greatest common divisor of y and t.
11
Let u be (-6 - 16)*1178/(-76). What is the greatest common divisor of 143 and u?
11
Let y(k) = 4*k**2 - 4*k**3 + 37 - 6*k**3 + 10*k + 4*k**2 + 11*k**3. Let c be y(-5). Calculate the highest common divisor of 31 and c.
31
Suppose 0 = -18*k + 6*k + 8832. Let a = 755 - k. Let j = 269 + -117. What is the greatest common factor of j and a?
19
Suppose 428*i = 341*i + 14094. What is the greatest common divisor of i and 5589?
81
Suppose -3*i = 2*u - 146952, -4*u - 411079 = -19*i + 519467. What is the highest common divisor of i and 54?
54
Suppose 4*n - 3*n - 2*j = 202, -5*n + 1023 = 3*j. Suppose -3*p = -2*z - 153, 3*z = -4*p + 6*p - 102. Calculate the highest common divisor of p and n.
51
Let k(f) = 2*f**3 + 6*f**2 - 16*f + 14. Let h be k(7). Let b = -554 + h. What is the highest common factor of b and 8?
8
Let y be (-4)/(-9) - (-32)/9. Suppose y*n + 8*j = 4*j, -4*n = -4*j - 16. Calculate the highest common factor of n and 3.
1
Let j be (-28)/(-21)*(-5)/(5/(-12)). Calculate the greatest common divisor of j and 1384.
8
Let x be 418 - 10/(-12)*(63 - 57). Calculate the highest common divisor of 99 and x.
9
Suppose j + 14 = 5*n, -2*j + 3*n = -5 + 12. Suppose 8*c = -10*c - 18. Let y be c + 4/7*56/16. Calculate the highest common factor of j and y.
1
Suppose -3*n - 5*v = -27687, -4*v = 2*n - 9483 - 8973. Calculate the greatest common factor of n and 54.
54
Suppose -1623 = -24*p + 9081. Let m = p + -436. What is the highest common factor of 130 and m?
10
Let f be 88/7 + 16/(-28). Suppose f*j - 130 = -j. Calculate the highest common divisor of j and 170.
10
Suppose -76*b + 72*b = -4152. Calculate the greatest common divisor of 4498 and b.
346
Let n = -20985 - -21837. Calculate the greatest common divisor of n and 3195.
213
Suppose -35 = -5*i - 0*i. Let f be 522/i*56/12. What is the highest common factor of f and 12?
12
Let m(t) = -t**3 + 3*t**2 + 3*t + 4. Let p be m(-5). Let v = 7 + -3. Let q be 1/((-1)/(-84)*v). What is the highest common divisor of p and q?
21
Let a be (-20)/(-590) - (-18864)/472. Let h = 154 + -50. What is the highest common divisor of h and a?
8
Let n = 6 + -3. Suppose -898*c + 892*c + 60 = 0. Let q be (c - n)*6/7. Calculate the highest common divisor of 9 and q.
3
Let x be 5*(-13 - -1 - (-126294)/1085). Calculate the greatest common divisor of 1711 and x.
29
Suppose 4*y - 697 = -3*m, -2*y - 293 = -m - 44. Let o = m + 432. What is the highest common divisor of 61 and o?
61
Suppose 3*w + i - 390 = 4*i, -5*w - 5*i + 600 = 0. Let j = 90 + -40. Calculate the greatest common factor of j and w.
25
Let f(y) = -84*y - 490. Let w be f(-6). What is the greatest common divisor of w and 3612?
14
Let p(t) = -t**2 + 7 - 3 + 6 + 6*t - 2. Let z be p(4). Suppose 10 = -3*r + r, 2*m - 145 = -3*r. Calculate the highest common divisor of z and m.
16
Let b = 1143 - 1129. What is the highest common factor of b and 1512?
14
Let g(y) = -222*y + 20. Let o be g(-3). Let a be (-4)/(-10) - (o/35)/(-1). What is the greatest common factor of 140 and a?
20
Let z(s) = s**2 + 10*s - 177. Let k be z(10). Calculate the greatest common divisor of 1 and k.
1
Suppose -9 - 3 = 3*z, 5*p - 263 = 2*z. Let c = p + -182. Let o = -54 - c. What is the highest common divisor of 7 and o?
7
Let m(w) = -10*w + 10. Let z = -103 - -97. Let g be m(z). Calculate the greatest common divisor of g and 15.
5
Let n = 4283 + -4243. What is the greatest common divisor of 220 and n?
20
Let z = 1397 - 1377. Let t(p) = 3*p**2 - 10*p + 3. Suppose -5*b + 18 + 17 = 0. Let l be t(b). What is the greatest common divisor of l and z?
20
Suppose -37*l + 32*l - 2*s + 598 = 0, -365 = -3*l + 5*s. Calculate the greatest common factor of l and 680.
40
Suppose 35*u - 40*u = -15. Suppose -2*z = -r + 6, -6*r = -u*r + 2*z - 2. Ca